 103 = 0. Suppose -2697 = -3*j + f*s - 302, j - 801 = 2*s. What are the prime factors of j?
13, 61
Let g be (0 + -1)/(-4*(-2)/32). Let a(j) = -j**2 + 7*j + 32. Let m be a(g). List the prime factors of (8/m - (-13)/6)*10.
3, 5
Let b(y) = -y**3 - 87*y**2 + 108*y + 476. List the prime factors of b(-89).
2, 7, 479
Let g(u) = -u**2 + 22*u + 3. Suppose 0 = 10*v - 16*v + 12. Suppose 3*c - 34 = -c + v*q, -3*q = 5*c - 26. What are the prime factors of g(c)?
2, 3
Suppose -3*b + 12535 = 3*q - 26216, -2*b + 51678 = 4*q. List the prime factors of q.
2, 7, 13, 71
Let n(y) = -172*y - 2050. What are the prime factors of n(-19)?
2, 3, 7, 29
Let d = 60 - 52. Suppose d*p = 10*p - 4. Suppose 2*j - 5*l - 187 = 95, -p*l - 663 = -5*j. What are the prime factors of j?
131
Suppose -2*f = p - 376, p = -3*f - f + 756. Suppose f = s - 0. What are the prime factors of s?
2, 5, 19
Suppose -3*k + 26 = 2*w, w - 25 = -5*k + 2*k. Suppose 25 = k*n - 39. Suppose -n*t + 225 = -3*t. What are the prime factors of t?
3, 5
Let b(g) be the first derivative of 9*g + 23 + 4/3*g**3 - 5/2*g**2. List the prime factors of b(-5).
2, 67
Suppose -2*q - 5*y + 176 = 0, -3*y + 2*y = 2*q - 184. Suppose -114*a = -q*a - 10248. List the prime factors of a.
2, 61
Suppose 27*d - 21*d = 36. Let j(u) = 2*u**3 - 5*u**2 - 6*u + 13. List the prime factors of j(d).
229
Let u be (2*3)/((-3)/10). Let y(z) = -z**3 + 28*z**2 - 22*z - 669. Let s be y(26). Let l = s + u. What are the prime factors of l?
7, 13
Suppose 174*u = 191*u - 34. Suppose 2*x + 5*i = -u*x + 637, -i + 617 = 4*x. What are the prime factors of x?
3, 17
Let b be 1/(-4*(-1)/12 + 0). Suppose 0 = b*f + f - 12. Suppose -f*t = -94 - 272. What are the prime factors of t?
2, 61
Let p(v) = -7*v. Suppose 0 = 5*y + 2*n - n + 11, -y + 2*n - 11 = 0. Let k be p(y). List the prime factors of k - -2*(-4)/(-8).
2, 11
Let p be (-1)/(-2) - (-3064)/16. Suppose -3*h = -p - 63. What are the prime factors of h?
5, 17
Let a be 0 + 3 - 1/(-1). Suppose -4*b + m - 2*m = -526, -a*b + m + 530 = 0. What are the prime factors of b?
2, 3, 11
Let z(j) = -j**3 + 89*j**2 + 74*j + 25. What are the prime factors of z(88)?
14281
Let c be ((-30)/12)/(1/(-6)). Suppose -3*z + c = 0, -2*w + 1413 = 4*z + 413. List the prime factors of w.
2, 5, 7
Let y(h) = h**3 - 6*h**2 - 6*h + 40. Let z be y(6). Suppose -5*i - 1720 = -3*d, 6 = z*i + 2. List the prime factors of d.
5, 23
Let z(h) be the third derivative of -59*h**4/8 - 13*h**3/2 - 59*h**2 + 3*h. What are the prime factors of z(-4)?
3, 223
Suppose 289 - 14589 = -11*o. Suppose -4*b + o + 5284 = 4*i, -4*b = 2*i - 6582. List the prime factors of b.
5, 7, 47
Let b = -7335 - -11923. List the prime factors of b.
2, 31, 37
Suppose 64201 = 5*p + 3*d, -4*p - 4*d + 39140 = -12216. List the prime factors of p.
2, 6421
Let b be (-4 + (39/12 - -1))*-4. Let m(k) = 144*k**2 + 10*k + 2. What are the prime factors of m(b)?
2, 17
List the prime factors of (7 - 5 - 1)*(1 - -9245).
2, 3, 23, 67
Let r be (-36)/27*45/2. List the prime factors of (-6356)/r - 1*(-8)/60.
2, 53
Suppose 8*r = 5871 + 289. Suppose -r - 374 = -13*d. What are the prime factors of d?
2, 11
Let u(o) = o - 5. Let s be u(5). Suppose -4*r + 181 + 267 = s. Let v = r + -12. List the prime factors of v.
2, 5
Let s(q) be the first derivative of 12*q**2 - 11*q + 14. Suppose 3*i - 9 = -6, 4*j - 22 = -2*i. List the prime factors of s(j).
109
Suppose 0 = -56*x - 20*x + 19*x + 344622. What are the prime factors of x?
2, 3023
Suppose -273 = -2*b - 0*b - 5*h, -b - 2*h = -135. Suppose 4*j - 1627 = b. What are the prime factors of j?
439
Let z be 240/25*(3 + (-38)/6). What are the prime factors of ((-147)/28)/(102/z - -3)?
2, 7
Suppose 0 = -k + 4*j + 6, 5*k + 9 = -2*j + 39. Suppose k = -0*h + h. Suppose -3*z - h = -4*z. What are the prime factors of z?
2, 3
Let g be (-15)/5 - -4 - 0. Suppose -4*k + 5*o + 28 = -5, 3*k = -o + g. Suppose -312 = -k*u - 2*u. What are the prime factors of u?
2, 3, 13
List the prime factors of (-23 - (-3760)/48)/(4/1002).
83, 167
Let p(c) = c**3 + 15*c**2 + 14*c - 10. Let a be p(-7). Let g = 424 - a. What are the prime factors of g?
2, 5, 7
Let m(l) = 14*l + 49. Let o be m(-4). Suppose -91 = -t - x, -3 = -3*x - 18. Let a = t - o. What are the prime factors of a?
103
Suppose 33 - 49 = 16*b. Let k(g) = -1210*g**3 + g**2 + 2*g + 2. List the prime factors of k(b).
7, 173
Let p(c) = 2*c**2 + 19*c + 5. Let b(f) = -3*f**2 - 37*f - 11. Let w(j) = 3*b(j) + 5*p(j). Let q(o) = 11*o - 77. Let a be q(9). List the prime factors of w(a).
2, 31
Let p = 781 - 728. Let b(m) = -m**3 + 54*m**2 - 40*m + 118. List the prime factors of b(p).
3, 269
Suppose 2*i = 19*i - 221. Let m(c) = 5 + c**2 - 13*c - 2*c + 2*c. List the prime factors of m(i).
5
Let t(o) = -3053*o - 17. Let r be t(-1). Suppose -r = -29*l + 2967. What are the prime factors of l?
3, 23
Suppose -806 = -m - 4*n + 574, 5*m - n = 6837. Let q = m - 686. What are the prime factors of q?
2, 11, 31
Let z = 360 - 211. Suppose 26 = y + z. Let b = 187 + y. List the prime factors of b.
2
Let u(y) = -5*y**3 - 7*y**2 + 15*y + 12. Let l be u(6). Let m = -713 - l. List the prime factors of m.
11, 47
Let f be 2/2 + 1 + -3. Let d(a) be the first derivative of -51*a**2/2 - 3*a + 1187. What are the prime factors of d(f)?
2, 3
Let m = 80112 + -57097. List the prime factors of m.
5, 4603
Let l = 65 - 237. Let b = l - -568. List the prime factors of b.
2, 3, 11
Suppose -114 + 68 = 23*j. Let c(u) = -115*u**3 - 4*u - 5. List the prime factors of c(j).
13, 71
Let p(y) = -6519*y**3 - y**2 - 10*y - 11. List the prime factors of p(-1).
7, 19
Suppose 268*v = 43*v + 9175500. List the prime factors of v.
2, 5, 2039
Let i(x) = 23*x**2 + 9*x - 3. Let v be i(9). Suppose -4*b + b = 3*f - v, -1297 = -2*b + f. What are the prime factors of b?
2, 3
Let o(s) = -261*s**2 - 6 - s + 13*s + 262*s**2 + 38. What are the prime factors of o(13)?
3, 7, 17
Let d(m) = -55*m**2 + 2*m - 58*m**2 - 58*m**2 - m**3 + 172*m**2 - 119. Let n be d(0). Let g = n + 328. List the prime factors of g.
11, 19
Let v(t) = 7*t**3 + t**2 + 4*t. Let n be v(6). Let m = n - 1036. Suppose -5*r + 5*q = 6*q - 1306, -3*q - m = -2*r. What are the prime factors of r?
2, 131
Suppose 15 = 3*r, -3*r = 5*b - 21 - 9. Suppose -b*k + 30 = -6*k. Let l = k - -36. List the prime factors of l.
2, 13
Let u(q) = q**2 - 16*q + 2. Let g be u(16). Suppose g*v - 170 - 250 = 0. What are the prime factors of v?
2, 3, 5, 7
Let w = 378 - 375. Suppose -15 = i + 4*i. List the prime factors of (46 - (-5 - i)) + w.
3, 17
What are the prime factors of ((-1008)/(-49))/(-24) + (-78286)/(-14)?
5591
Let b(y) be the third derivative of y**6/120 + y**5/5 + 11*y**4/24 + 7*y**3/6 - y**2. Let d be (-3 - -12) + 392/(-28). What are the prime factors of b(d)?
127
Let g = 314 - 462. Let t be g/(-3) - (-4)/(-12). Suppose 4*q - 11 = t. List the prime factors of q.
3, 5
Suppose 5*z + 9*m = 48176, -4*z - 21*m = -20*m - 38547. List the prime factors of z.
23, 419
Suppose 2*f + 3*u = 16871, 3*f - 13913 = -4*u + 11394. What are the prime factors of f?
11, 13, 59
Suppose 55 = -3*s + 91. List the prime factors of (-12)/16 + 4713/s.
2, 7
Let k(o) = 3*o**2 - o + 2. Suppose 3*r + 85 = 4*r. Let m be (-68)/r*(-5)/1. What are the prime factors of k(m)?
2, 23
Let w be ((-156)/20 - -9)/(6/50). Let i(c) = 47*c - 103. List the prime factors of i(w).
367
Suppose 55 = 46*z - 129. Suppose z*q = 4792 - 292. What are the prime factors of q?
3, 5
Let l(g) = -g**3 + 16*g**2 - 24*g - 2. Let a be l(6). Let o = a + 102. List the prime factors of o.
2, 79
Let m = 701 + -628. Suppose 0 = -m*u + 64*u + 7470. List the prime factors of u.
2, 5, 83
What are the prime factors of (11 + 726/42)*1715?
2, 3, 5, 7, 11
Suppose -2*g + 27348 = 3*o, -28*g = -5*o - 26*g + 45564. What are the prime factors of o?
2, 3, 7, 31
Suppose -a + y = -103, -69*a - 5*y + 448 = -65*a. What are the prime factors of a?
107
Let i(d) = -63 + 150 + 112 + 2*d**2. Let h be i(0). Suppose 467 = 2*u + h. List the prime factors of u.
2, 67
Let b = -51 + 55. List the prime factors of 2735/b - ((-250)/40 + 6).
2, 3, 19
Let f(t) = -3*t - 90. Let g be f(-28). List the prime factors of ((-21159)/(-33) - -5) + g/33.
2, 17, 19
Suppose 46*b - 26*b - 12640 = 0. List the prime factors of b.
2, 79
Suppose 20*y + 2*y = 82937